**2 + 3*a - 4*a. Suppose x = 3*b + b - 4, 3 = 3*b - x. Calculate the remainder when s(b) is divided by 7.
5
Let b(g) = -g**3 + 7*g**2 + 6*g + 20. Let v be b(8). Calculate the remainder when (-3)/((-6)/4) + 19 is divided by v/(-10) - 126/(-15).
5
Suppose -t = -3*k - 39, 2*k - 121 - 21 = -4*t. What is the remainder when 159 is divided by t?
15
Let u(j) = -j**2 - 6*j + 7. Let h be u(-6). Suppose 0 = -f + 2*f - h. Let y(v) = 4*v**3 - 2*v**2 + 3*v - 5. Calculate the remainder when y(2) is divided by f.
4
Let n(b) = 9*b + 6. Calculate the remainder when n(11) is divided by 48.
9
Let m = 89 - -35. What is the remainder when m is divided by 19?
10
Let f(b) = 4*b + 95. Calculate the remainder when 60 is divided by f(-19).
3
Let r = -1222 + 1463. Calculate the remainder when r is divided by 61.
58
Let z = -20 + 11. What is the remainder when 158 is divided by 944/40 - z/(-15)?
20
Let s be (1 - 0)/(0 - 1). Suppose 4*x + 4*t - 12 = 0, 5*t = -2*x - x + 17. What is the remainder when 27 is divided by x/s*5*2?
7
Let v(s) = 8*s - 110. What is the remainder when v(15) is divided by 5?
0
What is the remainder when (-2502)/(-16) + 4*(-18)/192 is divided by 133?
23
Suppose 2*l + 0*f = 5*f + 580, l - 296 = 4*f. Calculate the remainder when l is divided by 57.
52
Suppose 136 = h + o, 12 = -5*o + 2. Calculate the remainder when h is divided by 96.
42
Suppose 3*p = 6*x - 2*x - 359, -5*x - 4*p = -472. What is the remainder when x is divided by 35?
22
Suppose 0 = b + 3*q + 18, -2*b + 5*q + 0*q + 8 = 0. Calculate the remainder when 43 is divided by (56 + -1)*b/(-15).
21
Suppose 2*j = 21 + 379. Let v = j + -107. Calculate the remainder when v is divided by 19.
17
Let o(x) = -x**2 + 29*x - 60. What is the remainder when o(6) is divided by 9?
6
Suppose 0 = 39*n - 5*n - 170. Calculate the remainder when 297 is divided by n.
2
Calculate the remainder when (-2)/(-1)*12/((-360)/(-555)) is divided by 12.
1
Suppose 10 = -0*k - 2*k. Let r be 3304/140 - 3/5. What is the remainder when 2*r - (k - -7) is divided by 15?
14
Let i(o) = 2*o**2 + 21*o + 68. Calculate the remainder when 712 is divided by i(-5).
10
Let c = 288 + -240. What is the remainder when c is divided by 25?
23
Suppose 5*n = 1 - 21. What is the remainder when (-83)/2*(2 + n) is divided by 21?
20
Suppose 5*u + 55 = -0*b + 4*b, -b - 30 = 5*u. Calculate the remainder when 37 is divided by (20/u)/((-22)/77).
7
Suppose -2*f = -6, -5*j - 26*f = -25*f - 5338. Calculate the remainder when j is divided by 10.
7
Let i = -41 + 45. Suppose t = -i*t + 140. What is the remainder when t is divided by 6?
4
Let z = -106 + 116. Calculate the remainder when 28 is divided by z.
8
Let j be (2/3)/(16/(-168)). Let z(x) = x**3 + 8*x**2 + 10*x + 9. Let c be z(j). What is the remainder when 102*2*(-2)/c is divided by 9?
7
Suppose 4999 + 5726 = 134*v + 31*v. Suppose 8*y - 3*y - 15 = 0, 4*d + y = 539. Calculate the remainder when v is divided by d/8 - 2/(-8).
14
Suppose -15*i = -13*i + 2. Suppose -3*k + k + 18 = 0. Calculate the remainder when 18/(-9)*i*17 is divided by k.
7
Suppose 0 = -52*o + 54*o - 126. Let q(y) = -y**2 + 2*y. Let k be q(2). What is the remainder when o is divided by ((-65)/(-5))/(1 - k)?
11
Let n(w) = -w - 5. Let b = 2 + 5. Suppose 4*p - b*p + 36 = 0. Calculate the remainder when p is divided by n(-13).
4
Suppose -4*p + x = -54, 2*x = -p + 71 - 53. Calculate the remainder when 54 is divided by p.
12
Let z(b) = -7*b - 109. What is the remainder when 68 is divided by z(-16)?
2
Let r(d) = 2*d**3 + 11*d**2 + 6*d + 2. What is the remainder when r(-4) is divided by 4?
2
Suppose 4 = 5*x + 39. Let b = 2 - x. What is the remainder when (-48)/(-2) + 0 + 2 is divided by b?
8
Let i = 105 + -40. Let w = i + -22. What is the remainder when w is divided by 23?
20
What is the remainder when 168 is divided by (-33 + 28)*(38/(-10) + 0)?
16
Let y = 32 + 22. Suppose -b + 0*k - 4*k = 4, -4*b + y = 2*k. Calculate the remainder when 44 - ((0 - 1) + 0) is divided by b.
13
What is the remainder when (-4 - (-7 - -4))*(1 + -142) is divided by 6?
3
Let c(l) = l**3 + 5*l**2 - 2*l + 38. What is the remainder when c(-6) is divided by 8?
6
Let a(z) = -6*z - 16. Suppose -4*b - b + 3*w - 67 = 0, 4*b - 3*w = -53. Calculate the remainder when a(b) is divided by (23/(-4))/((-1)/4).
22
Let a = 28 + -13. Suppose -8*s + a = -3*s. Suppose 60 = 5*b + s*r - 0*r, 3*b = -2*r + 35. Calculate the remainder when 55 is divided by b.
10
Suppose -11*o + 49 = -39. What is the remainder when 70 is divided by o?
6
Let i = 66 + -36. Let h = -70 + 81. What is the remainder when i is divided by h?
8
Let z(o) = -16*o**3 + 2*o + 2. What is the remainder when z(-1) is divided by 4?
0
Suppose -4*c = 5*v - 120, -79*c - 30 = -80*c + 2*v. Calculate the remainder when 55 is divided by c.
25
Suppose 0 = b + a + 5, -5*b = 5*a - 2*a + 27. Let t be (-2)/(-6) + (-10)/b. Suppose -m + 11 - t = 0. What is the remainder when 42 is divided by m?
6
Let r = -25 + 29. Suppose -r*y + 273 = 3*y. Suppose -8*j + 3*j + 40 = 2*v, -4*j = 4*v - 20. Calculate the remainder when y is divided by j.
9
Suppose 5*n - 16 - 4 = 0. Suppose 2*t - 3*t = -3*p + 152, 4*t - 176 = -n*p. Calculate the remainder when p is divided by 13.
10
Let f(k) = -5*k**3 - 8*k**2 - 22*k - 12. What is the remainder when f(-4) is divided by 128?
12
Let h be 15/10 + 11/2. Suppose -2*d + h = 3. Calculate the remainder when 2 is divided by (8 - 9)*(-2)/d.
0
What is the remainder when 203525/425 + (-6)/(-51) is divided by 32?
31
Let i = -2002 + 2833. Calculate the remainder when i is divided by 64.
63
Let u(c) = c**2 - 4*c - 7. Let h be u(5). Calculate the remainder when -123*h*1/6 is divided by 15.
11
Let a = 75 + -22. Suppose -2*h + 6 = 0, -228*c - 3*h = -232*c + 59. Calculate the remainder when a is divided by c.
2
Suppose 5*k - 4 = 6. Suppose c - 186 = -2*c + 4*m, 0 = c + 2*m - 52. What is the remainder when c is divided by (3 + -2)/(k/30)?
13
Let c(u) = 55*u + 5 + 10*u + 24*u + 3*u. Calculate the remainder when c(1) is divided by 50.
47
Let a = -491 + 667. What is the remainder when a is divided by 78?
20
Let o be 20*42/(-8)*(-2)/6. What is the remainder when 17 is divided by 14/o + (86/10 - 0)?
8
Let s(c) = -c**2 + 2*c. Let v be s(2). Suppose 2*u + 2*i + 22 = v, 3*u - 5*i + 4 = -29. Let h = u - -16. What is the remainder when 7 is divided by h?
2
What is the remainder when (-2948)/(-77) + 2/(-7) is divided by 8?
6
Suppose x = 3*v + 120, 108 = 3*x + 5*v - 252. Let k(g) = -14*g - 3. What is the remainder when x is divided by k(-2)?
20
Suppose -4*q = -0*h - 4*h - 184, 4*q - 5*h - 180 = 0. Calculate the remainder when 298 is divided by q.
48
Let d = 0 - -9. Let o(s) = s**2 - 5*s + 2. What is the remainder when o(7) is divided by d?
7
Let o(j) = 5*j**2 + 6*j - 4. Let s(w) = w**2 + w - 1. Let u(g) = 2*o(g) - 11*s(g). Let z be u(-4). Let m = 26 + z. What is the remainder when m is divided by 6?
3
What is the remainder when 263 is divided by 12*40/36 + (-8)/24?
3
Let b(u) = -u**2 + 13*u - 25. What is the remainder when (-1)/((-60)/57 - -1) is divided by b(10)?
4
Suppose 2*o = -3*r + 125, 0 = 5*r - 9 - 6. Let k(u) = u**3 + 9*u**2 + 7*u + 9. Calculate the remainder when o is divided by k(-8).
7
Let i = 153 + -149. Suppose 2*j = i*l - 158, -13 = 3*l - 2*j - 133. Calculate the remainder when l is divided by 13.
12
Let l = -115 - -194. Suppose 0 = 5*n - 4*u - 116, 0 = -2*n - 2*n - u + 76. Calculate the remainder when l is divided by n.
19
Let j = -32 - -32. Suppose 2*a + 4*v - 40 = 0, j*v = -4*a + 2*v + 60. Let n(s) = -s**3 + 8*s**2 + 4*s - 1. Calculate the remainder when n(8) is divided by a.
15
Let g(m) = 2*m**2 + 6*m + 7. Let d = 150 + -337. What is the remainder when (-3)/((1/3)/(d/33)) is divided by g(-5)?
24
Suppose 4*g = i - 47, 0 = 31*i - 36*i - 5*g + 260. Calculate the remainder when i is divided by 30.
21
Suppose 13 = 5*t - 4*d - 64, -3*d - 28 = -2*t. Suppose -195 = -22*y + t*y. Calculate the remainder when 152 is divided by y.
35
Let x(d) = 19*d - 123. What is the remainder when x(12) is divided by 28?
21
Suppose 5*v - 3*v - 34 = 0. Let f = v + 13. Suppose 0 = -5*b + 52 + 28. Calculate the remainder when f is divided by b.
14
Let s = 1387 + -1353. Calculate the remainder when s is divided by 1 - (-2 - 8)/2.
4
What is the remainder whe